its digit of 39219?
9
What is the hundreds digit of 930?
9
What is the thousands digit of 3684?
3
What is the units digit of 426?
6
What is the tens digit of 4580?
8
What is the tens digit of 231?
3
What is the hundreds digit of 1226?
2
What is the thousands digit of 1653?
1
What is the units digit of 6074?
4
What is the tens digit of 22585?
8
What is the hundreds digit of 46129?
1
What is the tens digit of 9992?
9
What is the tens digit of 30269?
6
What is the tens digit of 653?
5
What is the ten thousands digit of 36079?
3
What is the thousands digit of 151747?
1
What is the units digit of 63?
3
What is the units digit of 52294?
4
What is the ten thousands digit of 100404?
0
What is the units digit of 4315?
5
What is the thousands digit of 4570?
4
What is the hundreds digit of 4336?
3
What is the tens digit of 1339?
3
What is the thousands digit of 8572?
8
What is the units digit of 4290?
0
What is the units digit of 793?
3
What is the hundreds digit of 12004?
0
What is the units digit of 28637?
7
What is the tens digit of 25279?
7
What is the tens digit of 26454?
5
What is the units digit of 9964?
4
What is the tens digit of 58995?
9
What is the units digit of 1298?
8
What is the units digit of 3646?
6
What is the tens digit of 37653?
5
What is the tens digit of 22697?
9
What is the hundreds digit of 4060?
0
What is the units digit of 4673?
3
What is the tens digit of 1479?
7
What is the tens digit of 245?
4
What is the thousands digit of 15897?
5
What is the ten thousands digit of 65224?
6
What is the hundreds digit of 1387?
3
What is the hundreds digit of 7737?
7
What is the units digit of 209?
9
What is the hundreds digit of 1984?
9
What is the units digit of 1921?
1
What is the hundreds digit of 828?
8
What is the hundreds digit of 1471?
4
What is the hundreds digit of 167292?
2
What is the ten thousands digit of 67366?
6
What is the hundreds digit of 17264?
2
What is the tens digit of 11611?
1
What is the thousands digit of 8688?
8
What is the tens digit of 313?
1
What is the units digit of 617?
7
What is the hundreds digit of 265?
2
What is the thousands digit of 1739?
1
What is the hundreds digit of 2145?
1
What is the hundreds digit of 807?
8
What is the units digit of 8409?
9
What is the hundreds digit of 122522?
5
What is the tens digit of 84?
8
What is the tens digit of 3631?
3
What is the ten thousands digit of 19502?
1
What is the hundreds digit of 6145?
1
What is the units digit of 45640?
0
What is the thousands digit of 36145?
6
What is the thousands digit of 1268?
1
What is the hundreds digit of 97947?
9
What is the hundreds digit of 581?
5
What is the tens digit of 3246?
4
What is the hundreds digit of 524?
5
What is the thousands digit of 93484?
3
What is the units digit of 4160?
0
What is the tens digit of 36176?
7
What is the units digit of 43900?
0
What is the tens digit of 117?
1
What is the units digit of 36679?
9
What is the units digit of 551?
1
What is the ten thousands digit of 12676?
1
What is the hundreds digit of 56771?
7
What is the units digit of 2635?
5
What is the thousands digit of 1677?
1
What is the hundreds digit of 519?
5
What is the ten thousands digit of 115766?
1
What is the units digit of 19483?
3
What is the tens digit of 703?
0
What is the thousands digit of 8912?
8
What is the units digit of 4027?
7
What is the hundreds digit of 13950?
9
What is the hundreds digit of 1185?
1
What is the thousands digit of 1177?
1
What is the tens digit of 52806?
0
What is the hundreds digit of 15645?
6
What is the thousands digit of 46093?
6
What is the tens digit of 9432?
3
What is the tens digit of 91897?
9
What is the thousands digit of 27690?
7
What is the thousands digit of 1457?
1
What is the hundreds digit of 111?
1
What is the hundreds digit of 3844?
8
What is the thousands digit of 10168?
0
What is the hundreds digit of 521?
5
What is the tens digit of 27?
2
What is the thousands digit of 1463?
1
What is the thousands digit of 20749?
0
What is the thousands digit of 37149?
7
What is the tens digit of 13151?
5
What is the hundreds digit of 544?
5
What is the units digit of 240?
0
What is the thousands digit of 3765?
3
What is the hundreds digit of 2574?
5
What is the tens digit of 11779?
7
What is the ten thousands digit of 18102?
1
What is the tens digit of 39525?
2
What is the ten thousands digit of 105348?
0
What is the thousands digit of 1549?
1
What is the hundreds digit of 646?
6
What is the hundreds digit of 567?
5
What is the tens digit of 1084?
8
What is the tens digit of 13566?
6
What is the units digit of 2638?
8
What is the thousands digit of 14568?
4
What is the hundreds digit of 842?
8
What is the hundreds digit of 1068?
0
What is the hundreds digit of 28384?
3
What is the hundreds digit of 3439?
4
What is the units digit of 460?
0
What is the units digit of 2679?
9
What is the tens digit of 17643?
4
What is the units digit of 6266?
6
What is the units digit of 1251?
1
What is the tens digit of 520?
2
What is the units digit of 406?
6
What is the units digit of 14282?
2
What is the units digit of 433?
3
What is the ten thousands digit of 64580?
6
What is the thousands digit of 4509?
4
What is the units digit of 1729?
9
What is the hundreds digit of 700?
7
What is the thousands digit of 38601?
8
What is the units digit of 10105?
5
What is the tens digit of 633?
3
What is the units digit of 624?
4
What is the ten thousands digit of 35452?
3
What is the ten thousands digit of 22175?
2
What is the tens digit of 113026?
2
What is the thousands digit of 2671?
2
What is the hundreds digit of 7608?
6
What is the tens digit of 419?
1
What is the tens digit of 658?
5
What is the hundreds digit of 2136?
1
What is the thousands digit of 1103?
1
What is the units digit of 495?
5
What is the thousands digit of 10697?
0
What is the tens digit of 48533?
3
What is the tens digit of 14167?
6
What is the tens digit of 2386?
8
What is the thousands digit of 65205?
5
What is the thousands digit of 47744?
7
What is the units digit of 3385?
5
What is the hundreds digit of 3764?
7
What is the units digit of 23516?
6
What is the units digit of 9301?
1
What is the units digit of 1795?
5
What is the thousands digit of 57117?
7
What is the units digit of 1391?
1
What is the hundreds digit of 1911?
9
What is the units digit of 52021?
1
What is the tens digit of 4165?
6
What is the tens digit of 3859?
5
What is the tens digit of 7860?
6
What is the tens digit of 678?
7
What is the ten thousands digit of 33715?
3
What is the units digit of 1692?
2
What is the ten thousands digit of 69804?
6
What is the units digit of 1011?
1
What is the hundreds digit of 66907?
9
What is the hundreds digit of 10221?
2
What is the thousands digit of 12566?
2
What is the thousands digit of 3070?
3
What is the thousands digit of 17307?
7
What is the thousands digit of 8392?
8
What is the units digit of 86261?
1
What is the hundreds digit of 330?
3
What is the hundreds digit of 11524?
5
What is the thousands digit of 59008?
9
What is the tens digit of 544?
4
What is the units digit of 76628?
8
What is the units digit of 5711?
1
What is the hundreds digit of 80908?
9
What is the tens digit of 11823?
2
What is the tens digit of 82838?
3
What is the tens digit of 1594?
9
What is the units digit of 26933?
3
What is the hundreds digit of 6898?
8
What is the ten thousands digit of 19786?
1
What is the thousands digit of 136968?
6
What is the tens digit of 17295?
9
What is the units digit of 15271?
1
What is the hundreds digit of 2481?
4
What is the thousands digit of 1884?
1
What is the tens digit of 31692?
9
What is the hundreds digit of 1052?
0
What is the tens digit of 23864?
6
What is the hundreds digit of 7436?
4
What is the tens digit of 1370?
7
What is the thousands digit of 40320?
0
What is the units digit of 6735?
5
What is the hundreds digit of 385?
3
What is the hundreds digit of 20191?
1
What is the hundreds digit of 186?
1
What is the hundreds digit of 560?
5
What is the ten thousands digit of 101648?
0
What is the ten thousands digit of 16657?
1
What is the thousands digit of 28879?
8
What is the thousands digit of 1059?
1
What is the tens digit of 60463?
6
What is the thousands digit of 4202?
4
What is the units digit of 93412?